 5*g + 3*a - 5*a - 16. Suppose 5 = g*z - 3. Is 202 + (z - (2 + 3)) a composite number?
False
Let m(x) = x - 1. Let z(h) = 3*h + 5. Let w(f) = -2*m(f) + z(f). Let i be w(-4). Suppose 4*c + 4*a = 1692, -i*a - 1293 = c - 4*c. Is c a composite number?
True
Let j(l) be the second derivative of l**5/10 - l**4/3 - l**3/2 - 5*l**2/2 + 5*l. Let g be j(4). Let k = g + 8. Is k a prime number?
False
Let j(s) = -17*s - 3. Let n be j(-4). Let z = n + 1590. Suppose -6*d + z = -d - 5*l, 0 = 3*d - 4*l - 995. Is d a composite number?
True
Let t be (3007 - -11) + -2*1. Suppose i + i - 6 = 0, 4*v = -4*i + t. Is v a composite number?
False
Suppose -2*y - k = -3*k - 5378, y - 2695 = -5*k. Suppose 7*l + 541 = y. Is l a composite number?
False
Suppose -2*q - 3*x + 6 = -8*x, 0 = 2*x. Suppose 3 = v + 4*l, -2*v + q + 3 = l. Suppose -f = v*m + 3*f - 30, 0 = -3*f. Is m a composite number?
True
Suppose 45383 + 39511 = 2*f + 4*l, -4 = -2*l. Is f a composite number?
False
Suppose 43*b = 73*b - 58230. Is b composite?
True
Suppose 3*g - 2 = 1, -2*n = -2*g - 8. Suppose -2*s + n + 3 = 0. Suppose -379 = -5*c + 2*u, -5*c - 2*u + 83 = -s*c. Is c a prime number?
False
Let v = -33738 - -16344. Let g = -12193 - v. Is g a prime number?
False
Suppose -5*z = -3*s - 9630, -3*s = -0*z + 3*z - 5754. Is z composite?
True
Suppose -3357423 - 890397 = -60*p. Is p a prime number?
False
Is (140011/57)/(5/(-3) - -2) a composite number?
False
Let m(r) = -r**3 + 3*r**2 + 18*r - 8. Let z be m(6). Is (-29843)/(-44) + (-6)/z a prime number?
False
Let t(f) = -f + 83. Let b be (-6)/(-12)*(-1 + -1). Let m be 3/3*-1 - b. Is t(m) a prime number?
True
Let x = -419 - 93. Let z = -301 - x. Is z prime?
True
Suppose 2*s + 5*i = -95, -4*i + 3 = 7. Let k be s/(-10) + (-6)/(-4). Is 159/2*k/9 prime?
True
Suppose -4*c + 46 = -142. Let x be (-3)/(-2) - (-87)/(-6). Let m = x + c. Is m a prime number?
False
Let a = 6 - 4. Suppose 2*w - 4 = -5*n + 2*n, -3 = -a*n - w. Let f(h) = 28*h - 3. Is f(n) composite?
False
Let y be (5 - 6)*(-2)/(-2). Let h(j) = 6*j**2. Let p be h(y). Is p/9*294/4 a prime number?
False
Let m be (2 - -1)*-122*1. Let s = 995 - m. Is s a prime number?
True
Let i(q) = -508*q + 2. Let a be i(-13). Let u = a - 4427. Is u composite?
False
Let v = -271 + 1736. Is v prime?
False
Let u = 55 + -87. Let v be (12/16)/(2/u). Is 2*6*(-33)/v prime?
False
Suppose -18*m = -3*m - 131415. Is m a composite number?
False
Suppose 7*u + 3711 = -1014. Let a = -176 - u. Is a a prime number?
True
Let n be (-2)/(1 - 4/6). Let g be 0 - 2 - (-2 + -18). Is g/n*37/(-3) a prime number?
True
Let c(s) = -8*s + 11. Suppose 120 = -4*z - 0*h - 4*h, z + 15 = 2*h. Is c(z) a composite number?
False
Let s(h) = -h**3 - 5*h**2 - h - 3. Let f be s(-5). Suppose -3*m = -2*x - x + 123, f*m + 4*x + 70 = 0. Let n = m - -92. Is n a composite number?
False
Suppose y + 417 = -2*y. Let s = 632 + y. Is s a prime number?
False
Let r(j) = j**3 + 15*j**2 - 7*j - 1. Let o(t) = t**2 + t - 2. Let u(p) = 2*p**2 + p - 4. Let i(m) = 7*o(m) - 4*u(m). Let s be i(5). Is r(s) a composite number?
False
Suppose 0 = i - 3*v + 2, -i - 2*v = 4*i + 10. Let l be 1/(2*i/28). Let p(u) = -2*u - 1. Is p(l) a composite number?
False
Let u(f) = -14*f - 5*f**2 + 17 + 7*f**2 + 12*f**2 - f**3. Let d be u(13). Suppose -x - d*x + 1535 = 0. Is x composite?
False
Let p(j) = -j**2 + 13*j - 5. Let m be p(9). Suppose z + m = 2*z. Is -8 + 8 - z*-1 prime?
True
Is (2022/(-4))/(-1)*2 prime?
False
Let g(f) = 3*f**2 - 4*f + 1. Let d(n) = 2*n - 3. Let i be d(0). Let b be g(i). Let s = b - 19. Is s a prime number?
False
Let h(n) = 16*n**2 + 5*n - 14. Let q be h(-6). Suppose q + 1031 = 3*m. Is m prime?
True
Let x(a) = 88*a**3 + 5*a**2 - 5*a - 2. Let n be x(4). Suppose 0*w + 5*w = -5*v + n, 2*v = -5*w + 5681. Is w composite?
True
Is (-15)/10*(14540/(-3) - 2) composite?
True
Suppose 0 = 2*q - 3*q. Suppose q = 5*p + 1 + 4, 4*s - 2*p - 1690 = 0. Is s a prime number?
False
Let t = 13303 - 8892. Is t a composite number?
True
Let j(z) = 563*z**3 + 4*z**2 + 12*z + 9. Let a be j(-5). Is a/(-54)*3/1 prime?
True
Let z(x) = 7*x - 4 - 2 + 4. Suppose 8 = 3*a - 4*f - 11, 3*f + 3 = 0. Is z(a) prime?
False
Let k(a) = 19*a + 44. Let o(b) = -10*b - 22. Let i(g) = 3*k(g) + 5*o(g). Let l be i(7). Suppose -r - r + 46 = f, 3*r + 2*f - l = 0. Is r a composite number?
True
Let c = -379 + -461. Let r = 1559 + c. Is r composite?
False
Let g(y) = 52*y**2 - 2*y + 5. Let d be (27 + -17)*((-2)/4 - 0). Is g(d) prime?
False
Suppose 35*d - 314 = 34*d. Is d composite?
True
Suppose -148*j + 161*j = 209131. Is j prime?
True
Let i = 109 + -48. Suppose 7*x - 2*x + 5*m - 55 = 0, 5*x = m + i. Suppose -32 - x = -4*u. Is u a prime number?
True
Let d = -1266 + 28729. Is d composite?
True
Suppose -5*f + 5 = 0, -6*f - 6594 = -2*p - 2*f. Is p a composite number?
False
Suppose 902 = w - 5*p, -5*w + 3776 = 4*p - 763. Is w composite?
False
Let a(b) be the second derivative of b**4/6 + 31*b**3/6 + 14*b**2 - 6*b. Is a(29) prime?
True
Suppose 3*j + 4*z - 2219 = 0, 2*j + 2*z + 0*z = 1480. Suppose y + 0*y = -j. Let f = 1072 + y. Is f composite?
False
Let g(b) = b**3 - 2*b**2 - 7. Let a be g(0). Let y = a + 72. Is y a composite number?
True
Let l = 33324 - 6581. Is l composite?
True
Let u(x) = -x**3 - 11*x**2 + 11*x + 15. Let p be u(-12). Let j = 32 + p. Is j composite?
False
Let h(a) = 4*a**3 - a**2 - a - 1. Let f(j) = -j**3 + j**2 - j. Let o(l) = -f(l) - h(l). Let i be o(-1). Suppose s + 155 = i*s. Is s a prime number?
False
Let o = -11354 - -16281. Is o composite?
True
Let c = 8 - 8. Suppose x - 5 = 0, c = -3*z - 5*x + 20 + 8. Is 22 + ((-8)/4 - z) prime?
True
Let d(t) = 4*t**3 + 10*t**2 + 4*t - 5. Let l(x) = 7*x**3 + 19*x**2 + 9*x - 9. Let z(q) = 5*d(q) - 3*l(q). Let w = -82 + 75. Is z(w) a composite number?
True
Let w be (-2 + 6)*(-1)/(-3 + 2). Suppose -199 = w*y - 3*l - 732, 3*y - l = 401. Is y prime?
False
Let d be (3865 + 2)*(-8)/(-12). Let i = 4 + -1. Suppose l - 585 = -i*h, -5*l + 373 = 2*h - d. Is l a composite number?
True
Let b = -15 - -20. Suppose 94 = -3*a + b*a. Suppose 3*j - 58 = a. Is j prime?
False
Suppose 0 = -4*c, -3*c + 8 = 2*h - 2*c. Suppose 0*t + h*t = 452. Is t prime?
True
Suppose -3*b = -3*h, -3*b - 1 = -5*h + 3. Suppose -b*l - 4 = -l. Is l + (-332)/(-7 + 3) composite?
False
Let z = 39 - 39. Suppose -p - 4*i + 1059 = -z*i, -p - 2*i + 1069 = 0. Is p prime?
False
Suppose -3*m = 7 - 19. Suppose m*a - 5*a + 2428 = 3*q, 0 = 5*q + a - 4046. Is q a prime number?
True
Let w = 774 - -10253. Is w a composite number?
False
Let k = 22 - 35. Let d be (-244)/(-6)*(5 - k). Suppose -d = -5*u - j, u = 4*j - 50 + 188. Is u prime?
False
Let w = 124 - 146. Is (-22)/(-3)*(-1353)/w composite?
True
Let r be (-1 - -16)*(-483)/(-9). Suppose -4*l - r = -9*l. Is l a composite number?
True
Suppose 16*k - 1628 = 12*k. Is k a prime number?
False
Is (-8)/6 - ((-1356460)/(-30))/(-7) a composite number?
True
Let o be (2 - -1)/((4 - 1)/138). Suppose 4*y = l + 2*l + 120, 0 = -4*l - 2*y - 182. Let h = o + l. Is h a prime number?
False
Let n = 8 + -5. Suppose 0 = -5*i + 13 - n. Is (-222)/4*i/(-3) a composite number?
False
Let k = -48 + 40. Is (12/k - -1)/(3/(-4146)) a prime number?
True
Let l(x) be the second derivative of x**6/120 + 13*x**5/60 + 7*x**4/24 - 5*x**3/6 + 7*x**2/2 + 4*x. Let w(v) be the first derivative of l(v). Is w(-12) prime?
False
Let x(m) = -m - 2. Let p be x(-6). Suppose 3*d + 45 = -p*z, 3*d - 3*z = z - 45. Let h = 61 + d. Is h a composite number?
True
Suppose z + 4 = 6. Suppose -4*g + 12 = -2*u, 1 = z*g - 7. Suppose -u*b = 3*b - 635. Is b a composite number?
False
Suppose 0*t - 6*t + 306 = 0. Suppose -l = 73 + t. Let h = 355 - l. Is h a composite number?
False
Suppose 4*p - 53*p = -283759. Is p a composite number?
False
Let u = 14 - 33. Let h = -23 - u. Is (-134)/(-3)*(-6)/h composite?
False
Suppose 4*u = -5*z + 689 - 4314, 0 = -3*u. Let x(r) = -1379*r + 1. Let i be x(1). Let d = z - i. Is d prime?
True
Let r = -56 - -63. Let p(d) = -2*d**2 - 3*d + 6*d**2 + 14 - 4*d. Is p(r) composite?
True
Suppose 4*h + h - 10 = 0. Suppose 5*v = -h*k - 509, k - 2*k - 274 = -4*v. Let t = k - -405. Is t a composite number?
True
Let z = -10 - -13. Suppose -4*j - 756 = -4*c, -z*c - c + 766 = j. Is c prime?
True
Let h be (-1)/3 + (-6)/((-54)/21). Suppose -4*n